{"id":166,"date":"2014-05-31T14:09:29","date_gmt":"2014-05-31T14:09:29","guid":{"rendered":"http:\/\/wekka-projekt.softwarefools.com\/?page_id=166"},"modified":"2014-12-19T01:37:59","modified_gmt":"2014-12-19T01:37:59","slug":"domy-drewniany","status":"publish","type":"page","link":"https:\/\/wekka-projekt.pl\/?page_id=166","title":{"rendered":"Domy drewniane"},"content":{"rendered":"<p>Barbara Le\u015bniewska-Wekka\u00a0od czas\u00f3w studi\u00f3w zajmuje si\u0119 tematyk\u0105 budownictwa drewnianego. Bardzo przydatna okaza\u0142a si\u0119 praktyka przy rekonstrukcjach zabytowych budowli drewnianych w skansenach.<\/p>\n<p><span style=\"line-height: 1.5;\">Do dzi\u015b sprawdzaj\u0105 si\u0119 w krajobrazie Polski tradycyjne rozwiazania ( materia\u0142y, konstrukcje, detale ), kt\u00f3re stosuje z powodzeniem w nowych projektach.<\/span><\/p>\n<p>Bardzo wiele projekt\u00f3w jej autorstwa\u00a0zrealizowano\u00a0w ramach\u00a0\u00a0firm buduj\u0105cych domy w technologii drewnianej, min. f-my MISONI.<\/p>\n<p><em>zdjecia z wybranych realizacji:<\/em><\/p>\n<p><img loading=\"lazy\" decoding=\"async\" class=\"alignnone wp-image-216 size-full\" src=\"https:\/\/wekka-projekt.pl\/wp-content\/uploads\/2014\/06\/drewniane10.png\" alt=\"drewniane10\" width=\"640\" height=\"480\" srcset=\"https:\/\/wekka-projekt.pl\/wp-content\/uploads\/2014\/06\/drewniane10.png 640w, https:\/\/wekka-projekt.pl\/wp-content\/uploads\/2014\/06\/drewniane10-300x225.png 300w\" sizes=\"(max-width: 640px) 100vw, 640px\" \/><img loading=\"lazy\" decoding=\"async\" class=\"alignnone wp-image-214 size-full\" src=\"https:\/\/wekka-projekt.pl\/wp-content\/uploads\/2014\/06\/drewniane8.png\" alt=\"drewniane8\" width=\"800\" height=\"533\" srcset=\"https:\/\/wekka-projekt.pl\/wp-content\/uploads\/2014\/06\/drewniane8.png 800w, https:\/\/wekka-projekt.pl\/wp-content\/uploads\/2014\/06\/drewniane8-300x199.png 300w\" sizes=\"(max-width: 800px) 100vw, 800px\" \/><img loading=\"lazy\" decoding=\"async\" class=\"alignnone wp-image-215 size-full\" src=\"https:\/\/wekka-projekt.pl\/wp-content\/uploads\/2014\/06\/drewniane9.png\" alt=\"drewniane9\" width=\"800\" height=\"600\" srcset=\"https:\/\/wekka-projekt.pl\/wp-content\/uploads\/2014\/06\/drewniane9.png 800w, https:\/\/wekka-projekt.pl\/wp-content\/uploads\/2014\/06\/drewniane9-300x225.png 300w\" sizes=\"(max-width: 800px) 100vw, 800px\" \/><img loading=\"lazy\" decoding=\"async\" class=\"alignnone wp-image-212 size-full\" src=\"https:\/\/wekka-projekt.pl\/wp-content\/uploads\/2014\/06\/drewniane6.png\" alt=\"drewniane6\" width=\"800\" height=\"600\" srcset=\"https:\/\/wekka-projekt.pl\/wp-content\/uploads\/2014\/06\/drewniane6.png 800w, https:\/\/wekka-projekt.pl\/wp-content\/uploads\/2014\/06\/drewniane6-300x225.png 300w\" sizes=\"(max-width: 800px) 100vw, 800px\" \/> <img loading=\"lazy\" decoding=\"async\" class=\"alignnone wp-image-211 size-full\" src=\"https:\/\/wekka-projekt.pl\/wp-content\/uploads\/2014\/06\/drewniane5.png\" alt=\"drewniane5\" width=\"800\" height=\"600\" srcset=\"https:\/\/wekka-projekt.pl\/wp-content\/uploads\/2014\/06\/drewniane5.png 800w, https:\/\/wekka-projekt.pl\/wp-content\/uploads\/2014\/06\/drewniane5-300x225.png 300w\" sizes=\"(max-width: 800px) 100vw, 800px\" \/><img loading=\"lazy\" decoding=\"async\" class=\"alignnone wp-image-213 size-full\" src=\"https:\/\/wekka-projekt.pl\/wp-content\/uploads\/2014\/06\/drewniane7.png\" alt=\"drewniane7\" width=\"800\" height=\"600\" srcset=\"https:\/\/wekka-projekt.pl\/wp-content\/uploads\/2014\/06\/drewniane7.png 800w, https:\/\/wekka-projekt.pl\/wp-content\/uploads\/2014\/06\/drewniane7-300x225.png 300w\" sizes=\"(max-width: 800px) 100vw, 800px\" \/><img loading=\"lazy\" decoding=\"async\" class=\"alignnone wp-image-210 size-full\" src=\"https:\/\/wekka-projekt.pl\/wp-content\/uploads\/2014\/06\/drewniane4.png\" alt=\"drewniane4\" width=\"800\" height=\"600\" srcset=\"https:\/\/wekka-projekt.pl\/wp-content\/uploads\/2014\/06\/drewniane4.png 800w, https:\/\/wekka-projekt.pl\/wp-content\/uploads\/2014\/06\/drewniane4-300x225.png 300w\" sizes=\"(max-width: 800px) 100vw, 800px\" \/> <img loading=\"lazy\" decoding=\"async\" class=\"alignnone wp-image-209 size-full\" src=\"https:\/\/wekka-projekt.pl\/wp-content\/uploads\/2014\/06\/drewniane3.png\" alt=\"drewniane3\" width=\"640\" height=\"480\" srcset=\"https:\/\/wekka-projekt.pl\/wp-content\/uploads\/2014\/06\/drewniane3.png 640w, https:\/\/wekka-projekt.pl\/wp-content\/uploads\/2014\/06\/drewniane3-300x225.png 300w\" sizes=\"(max-width: 640px) 100vw, 640px\" \/> <img loading=\"lazy\" decoding=\"async\" class=\"alignnone wp-image-207 size-full\" src=\"https:\/\/wekka-projekt.pl\/wp-content\/uploads\/2014\/06\/drewniane1.png\" alt=\"drewniane1\" width=\"640\" height=\"480\" srcset=\"https:\/\/wekka-projekt.pl\/wp-content\/uploads\/2014\/06\/drewniane1.png 640w, https:\/\/wekka-projekt.pl\/wp-content\/uploads\/2014\/06\/drewniane1-300x225.png 300w\" sizes=\"(max-width: 640px) 100vw, 640px\" \/><img loading=\"lazy\" decoding=\"async\" class=\"alignnone wp-image-208 size-full\" src=\"https:\/\/wekka-projekt.pl\/wp-content\/uploads\/2014\/06\/drewniane2.png\" alt=\"drewniane2\" width=\"640\" height=\"480\" srcset=\"https:\/\/wekka-projekt.pl\/wp-content\/uploads\/2014\/06\/drewniane2.png 640w, https:\/\/wekka-projekt.pl\/wp-content\/uploads\/2014\/06\/drewniane2-300x225.png 300w\" sizes=\"(max-width: 640px) 100vw, 640px\" \/><img loading=\"lazy\" decoding=\"async\" class=\"alignnone size-full wp-image-218\" src=\"https:\/\/wekka-projekt.pl\/wp-content\/uploads\/2014\/06\/drewniane12.png\" alt=\"drewniane12\" width=\"300\" height=\"200\" \/><img loading=\"lazy\" decoding=\"async\" class=\"alignnone wp-image-217 size-full\" src=\"https:\/\/wekka-projekt.pl\/wp-content\/uploads\/2014\/06\/drewniane11.png\" alt=\"drewniane11\" width=\"300\" height=\"225\" \/><\/p>\n","protected":false},"excerpt":{"rendered":"<p>Barbara Le\u015bniewska-Wekka\u00a0od czas\u00f3w studi\u00f3w zajmuje si\u0119 tematyk\u0105 budownictwa drewnianego. Bardzo przydatna okaza\u0142a si\u0119 praktyka przy rekonstrukcjach zabytowych budowli drewnianych w skansenach. Do dzi\u015b sprawdzaj\u0105 si\u0119 w krajobrazie Polski tradycyjne rozwiazania ( materia\u0142y, konstrukcje, detale ), kt\u00f3re stosuje z powodzeniem w nowych projektach. Bardzo wiele projekt\u00f3w jej autorstwa\u00a0zrealizowano\u00a0w ramach\u00a0\u00a0firm buduj\u0105cych domy w technologii drewnianej, min. f-my [&hellip;]<\/p>\n","protected":false},"author":1,"featured_media":0,"parent":0,"menu_order":20,"comment_status":"closed","ping_status":"closed","template":"","meta":{"footnotes":""},"class_list":["post-166","page","type-page","status-publish","hentry"],"_links":{"self":[{"href":"https:\/\/wekka-projekt.pl\/index.php?rest_route=\/wp\/v2\/pages\/166"}],"collection":[{"href":"https:\/\/wekka-projekt.pl\/index.php?rest_route=\/wp\/v2\/pages"}],"about":[{"href":"https:\/\/wekka-projekt.pl\/index.php?rest_route=\/wp\/v2\/types\/page"}],"author":[{"embeddable":true,"href":"https:\/\/wekka-projekt.pl\/index.php?rest_route=\/wp\/v2\/users\/1"}],"replies":[{"embeddable":true,"href":"https:\/\/wekka-projekt.pl\/index.php?rest_route=%2Fwp%2Fv2%2Fcomments&post=166"}],"version-history":[{"count":14,"href":"https:\/\/wekka-projekt.pl\/index.php?rest_route=\/wp\/v2\/pages\/166\/revisions"}],"predecessor-version":[{"id":559,"href":"https:\/\/wekka-projekt.pl\/index.php?rest_route=\/wp\/v2\/pages\/166\/revisions\/559"}],"wp:attachment":[{"href":"https:\/\/wekka-projekt.pl\/index.php?rest_route=%2Fwp%2Fv2%2Fmedia&parent=166"}],"curies":[{"name":"wp","href":"https:\/\/api.w.org\/{rel}","templated":true}]}}