{"id":253,"date":"2014-10-07T11:29:21","date_gmt":"2014-10-07T11:29:21","guid":{"rendered":"http:\/\/wekka-projekt.pl\/?page_id=253"},"modified":"2014-12-18T15:05:30","modified_gmt":"2014-12-18T15:05:30","slug":"janek","status":"publish","type":"page","link":"https:\/\/wekka-projekt.pl\/?page_id=253","title":{"rendered":"Janek"},"content":{"rendered":"<p><a style=\"font-family: 'Source Sans Pro', Helvetica, sans-serif; font-size: 16px; line-height: 1.5;\" href=\"https:\/\/wekka-projekt.pl\/wp-content\/uploads\/2014\/10\/gotowe_janek_4.png\"><img loading=\"lazy\" decoding=\"async\" class=\"alignnone size-medium wp-image-267\" src=\"https:\/\/wekka-projekt.pl\/wp-content\/uploads\/2014\/10\/gotowe_janek_4-300x193.png\" alt=\"gotowe_janek_4\" width=\"300\" height=\"193\" srcset=\"https:\/\/wekka-projekt.pl\/wp-content\/uploads\/2014\/10\/gotowe_janek_4-300x193.png 300w, https:\/\/wekka-projekt.pl\/wp-content\/uploads\/2014\/10\/gotowe_janek_4.png 717w\" sizes=\"(max-width: 300px) 100vw, 300px\" \/><\/a><a style=\"font-family: 'Source Sans Pro', Helvetica, sans-serif; font-size: 16px; line-height: 1.5;\" href=\"https:\/\/wekka-projekt.pl\/wp-content\/uploads\/2014\/10\/gotowe_janek_6.png\"><img loading=\"lazy\" decoding=\"async\" class=\"alignnone size-medium wp-image-269\" src=\"https:\/\/wekka-projekt.pl\/wp-content\/uploads\/2014\/10\/gotowe_janek_6-300x195.png\" alt=\"gotowe_janek_6\" width=\"300\" height=\"195\" srcset=\"https:\/\/wekka-projekt.pl\/wp-content\/uploads\/2014\/10\/gotowe_janek_6-300x195.png 300w, https:\/\/wekka-projekt.pl\/wp-content\/uploads\/2014\/10\/gotowe_janek_6.png 720w\" sizes=\"(max-width: 300px) 100vw, 300px\" \/><\/a><a style=\"font-family: 'Source Sans Pro', Helvetica, sans-serif; font-size: 16px; line-height: 1.5;\" href=\"https:\/\/wekka-projekt.pl\/wp-content\/uploads\/2014\/10\/gotowe_janek_5.png\"><img loading=\"lazy\" decoding=\"async\" class=\"alignnone size-medium wp-image-268\" src=\"https:\/\/wekka-projekt.pl\/wp-content\/uploads\/2014\/10\/gotowe_janek_5-300x194.png\" alt=\"gotowe_janek_5\" width=\"300\" height=\"194\" srcset=\"https:\/\/wekka-projekt.pl\/wp-content\/uploads\/2014\/10\/gotowe_janek_5-300x194.png 300w, https:\/\/wekka-projekt.pl\/wp-content\/uploads\/2014\/10\/gotowe_janek_5.png 720w\" sizes=\"(max-width: 300px) 100vw, 300px\" \/><\/a><span style=\"font-family: 'Source Sans Pro', Helvetica, sans-serif; font-size: 16px; line-height: 1.5;\">\u00a0<\/span><a style=\"font-family: 'Source Sans Pro', Helvetica, sans-serif; font-size: 16px; line-height: 1.5; color: #ea9629; text-decoration: underline; outline: #000000;\" href=\"https:\/\/wekka-projekt.pl\/wp-content\/uploads\/2014\/10\/gotowe_janek_3.png\"><img loading=\"lazy\" decoding=\"async\" class=\"alignnone size-medium wp-image-266\" src=\"https:\/\/wekka-projekt.pl\/wp-content\/uploads\/2014\/10\/gotowe_janek_3-300x194.png\" alt=\"gotowe_janek_3\" width=\"300\" height=\"194\" srcset=\"https:\/\/wekka-projekt.pl\/wp-content\/uploads\/2014\/10\/gotowe_janek_3-300x194.png 300w, https:\/\/wekka-projekt.pl\/wp-content\/uploads\/2014\/10\/gotowe_janek_3.png 702w\" sizes=\"(max-width: 300px) 100vw, 300px\" \/><\/a><a style=\"line-height: 1.5;\" href=\"https:\/\/wekka-projekt.pl\/wp-content\/uploads\/2014\/10\/gotowe_janek_2.png\"><img loading=\"lazy\" decoding=\"async\" class=\"alignnone  wp-image-265\" src=\"https:\/\/wekka-projekt.pl\/wp-content\/uploads\/2014\/10\/gotowe_janek_2-300x232.png\" alt=\"gotowe_janek_2\" width=\"270\" height=\"209\" srcset=\"https:\/\/wekka-projekt.pl\/wp-content\/uploads\/2014\/10\/gotowe_janek_2-300x232.png 300w, https:\/\/wekka-projekt.pl\/wp-content\/uploads\/2014\/10\/gotowe_janek_2.png 629w\" sizes=\"(max-width: 270px) 100vw, 270px\" \/><\/a>\u00a0 \u00a0\u00a0<a style=\"line-height: 1.5;\" href=\"https:\/\/wekka-projekt.pl\/wp-content\/uploads\/2014\/10\/gotowe_janek_1.png\"><img loading=\"lazy\" decoding=\"async\" class=\"alignnone  wp-image-264\" src=\"https:\/\/wekka-projekt.pl\/wp-content\/uploads\/2014\/10\/gotowe_janek_1-300x245.png\" alt=\"gotowe_janek_1\" width=\"270\" height=\"221\" srcset=\"https:\/\/wekka-projekt.pl\/wp-content\/uploads\/2014\/10\/gotowe_janek_1-300x245.png 300w, https:\/\/wekka-projekt.pl\/wp-content\/uploads\/2014\/10\/gotowe_janek_1.png 601w\" sizes=\"(max-width: 270px) 100vw, 270px\" \/><\/a><br \/>\n<em style=\"line-height: 1.5;\">Dom zosta\u0142 zaprojektowany jako parterowy z poddaszem u\u017cytkowym. Dom ma bardzo ekonomiczn\u0105 bry\u0142\u0119, co przek\u0142ada sie na jego cen\u0119 za metr kwadratowy powierzchni.\u00a0<\/em><em style=\"line-height: 1.5;\">Jest to dom drewniany w <em>szkielecie wype\u0142nionym balikami tzw. sumikowo-\u0142\u0105tkowy.<\/em><\/em><\/p>\n<p><em style=\"line-height: 1.5;\">\u00a0Istnieje mo\u017cliwo\u015b\u0107 realizacji w technologii tradycyjnej, murowanej, albo litym balu. \u00a0Pokycie dachu dowolne z dach\u00f3wk\u0105 ceramiczn\u0105 karpi\u00f3wk\u0105 w\u0142\u0105cznie.<\/em><\/p>\n<p><em style=\"line-height: 1.5;\">A oto wizualizacje projektu:<\/em><\/p>\n<p><em style=\"line-height: 1.5;\"><a href=\"https:\/\/wekka-projekt.pl\/wp-content\/uploads\/2014\/10\/FRONT.jpg\"><img loading=\"lazy\" decoding=\"async\" class=\"alignnone size-medium wp-image-260\" src=\"https:\/\/wekka-projekt.pl\/wp-content\/uploads\/2014\/10\/FRONT-300x225.jpg\" alt=\"FRONT\" width=\"300\" height=\"225\" srcset=\"https:\/\/wekka-projekt.pl\/wp-content\/uploads\/2014\/10\/FRONT-300x225.jpg 300w, https:\/\/wekka-projekt.pl\/wp-content\/uploads\/2014\/10\/FRONT-1024x768.jpg 1024w, https:\/\/wekka-projekt.pl\/wp-content\/uploads\/2014\/10\/FRONT.jpg 1280w\" sizes=\"(max-width: 300px) 100vw, 300px\" \/><\/a> <a href=\"https:\/\/wekka-projekt.pl\/wp-content\/uploads\/2014\/10\/ogrod.jpg\"><img loading=\"lazy\" decoding=\"async\" class=\"alignnone size-medium wp-image-295\" src=\"https:\/\/wekka-projekt.pl\/wp-content\/uploads\/2014\/10\/ogrod-300x225.jpg\" alt=\"ogrod\" width=\"300\" height=\"225\" srcset=\"https:\/\/wekka-projekt.pl\/wp-content\/uploads\/2014\/10\/ogrod-300x225.jpg 300w, https:\/\/wekka-projekt.pl\/wp-content\/uploads\/2014\/10\/ogrod.jpg 1024w\" sizes=\"(max-width: 300px) 100vw, 300px\" \/><\/a><\/em><\/p>\n","protected":false},"excerpt":{"rendered":"<p>\u00a0\u00a0 \u00a0\u00a0 Dom zosta\u0142 zaprojektowany jako parterowy z poddaszem u\u017cytkowym. Dom ma bardzo ekonomiczn\u0105 bry\u0142\u0119, co przek\u0142ada sie na jego cen\u0119 za metr kwadratowy powierzchni.\u00a0Jest to dom drewniany w szkielecie wype\u0142nionym balikami tzw. sumikowo-\u0142\u0105tkowy. \u00a0Istnieje mo\u017cliwo\u015b\u0107 realizacji w technologii tradycyjnej, murowanej, albo litym balu. \u00a0Pokycie dachu dowolne z dach\u00f3wk\u0105 ceramiczn\u0105 karpi\u00f3wk\u0105 w\u0142\u0105cznie. A oto wizualizacje [&hellip;]<\/p>\n","protected":false},"author":1,"featured_media":0,"parent":25,"menu_order":0,"comment_status":"closed","ping_status":"closed","template":"","meta":{"footnotes":""},"class_list":["post-253","page","type-page","status-publish","hentry"],"_links":{"self":[{"href":"https:\/\/wekka-projekt.pl\/index.php?rest_route=\/wp\/v2\/pages\/253"}],"collection":[{"href":"https:\/\/wekka-projekt.pl\/index.php?rest_route=\/wp\/v2\/pages"}],"about":[{"href":"https:\/\/wekka-projekt.pl\/index.php?rest_route=\/wp\/v2\/types\/page"}],"author":[{"embeddable":true,"href":"https:\/\/wekka-projekt.pl\/index.php?rest_route=\/wp\/v2\/users\/1"}],"replies":[{"embeddable":true,"href":"https:\/\/wekka-projekt.pl\/index.php?rest_route=%2Fwp%2Fv2%2Fcomments&post=253"}],"version-history":[{"count":14,"href":"https:\/\/wekka-projekt.pl\/index.php?rest_route=\/wp\/v2\/pages\/253\/revisions"}],"predecessor-version":[{"id":472,"href":"https:\/\/wekka-projekt.pl\/index.php?rest_route=\/wp\/v2\/pages\/253\/revisions\/472"}],"up":[{"embeddable":true,"href":"https:\/\/wekka-projekt.pl\/index.php?rest_route=\/wp\/v2\/pages\/25"}],"wp:attachment":[{"href":"https:\/\/wekka-projekt.pl\/index.php?rest_route=%2Fwp%2Fv2%2Fmedia&parent=253"}],"curies":[{"name":"wp","href":"https:\/\/api.w.org\/{rel}","templated":true}]}}